s divided by 111.
110
Calculate the remainder when 425312 is divided by 37.
34
What is the remainder when 13135 is divided by 547?
7
Calculate the remainder when 50451 is divided by 73.
8
What is the remainder when 3950 is divided by 67?
64
What is the remainder when 36942 is divided by 6156?
6
Calculate the remainder when 637 is divided by 121.
32
Calculate the remainder when 197781 is divided by 78.
51
Calculate the remainder when 4311 is divided by 364.
307
What is the remainder when 9552 is divided by 20?
12
Calculate the remainder when 16550 is divided by 7549.
1452
What is the remainder when 1346 is divided by 722?
624
Calculate the remainder when 72370 is divided by 247.
246
Calculate the remainder when 124997 is divided by 41663.
8
What is the remainder when 5543 is divided by 5208?
335
Calculate the remainder when 2158 is divided by 360.
358
What is the remainder when 8643 is divided by 310?
273
Calculate the remainder when 2231 is divided by 245.
26
Calculate the remainder when 27247 is divided by 568.
551
Calculate the remainder when 849799 is divided by 26.
15
What is the remainder when 71407 is divided by 39?
37
What is the remainder when 1405437 is divided by 512?
509
What is the remainder when 41397 is divided by 60?
57
Calculate the remainder when 87149 is divided by 10.
9
Calculate the remainder when 2647749 is divided by 50.
49
Calculate the remainder when 60353 is divided by 60.
53
Calculate the remainder when 7504 is divided by 1868.
32
What is the remainder when 2913679 is divided by 1210?
1209
Calculate the remainder when 51838 is divided by 120.
118
What is the remainder when 97221 is divided by 6474?
111
Calculate the remainder when 44581 is divided by 241.
237
What is the remainder when 4476 is divided by 160?
156
What is the remainder when 74113 is divided by 22?
17
What is the remainder when 162339 is divided by 54109?
12
What is the remainder when 106672 is divided by 474?
22
What is the remainder when 1576051 is divided by 148?
147
What is the remainder when 913 is divided by 521?
392
What is the remainder when 410102 is divided by 205046?
10
What is the remainder when 1588 is divided by 1477?
111
Calculate the remainder when 4575 is divided by 199.
197
What is the remainder when 31635 is divided by 1977?
3
Calculate the remainder when 39415 is divided by 236.
3
Calculate the remainder when 1473946 is divided by 26.
6
Calculate the remainder when 107459 is divided by 295.
79
Calculate the remainder when 270829 is divided by 270821.
8
Calculate the remainder when 116021 is divided by 40.
21
Calculate the remainder when 852376 is divided by 43.
30
Calculate the remainder when 16430 is divided by 8171.
88
What is the remainder when 1818 is divided by 33?
3
What is the remainder when 14369 is divided by 464?
449
Calculate the remainder when 18617 is divided by 97.
90
What is the remainder when 790229 is divided by 71?
70
What is the remainder when 1983455 is divided by 111?
107
Calculate the remainder when 1921 is divided by 104.
49
Calculate the remainder when 5729 is divided by 483.
416
What is the remainder when 5123 is divided by 526?
389
Calculate the remainder when 1179 is divided by 377.
48
Calculate the remainder when 1709 is divided by 278.
41
Calculate the remainder when 17399 is divided by 9.
2
What is the remainder when 24692 is divided by 22?
8
Calculate the remainder when 10904 is divided by 312.
296
Calculate the remainder when 242976 is divided by 31.
29
Calculate the remainder when 1324 is divided by 964.
360
What is the remainder when 244847 is divided by 3139?
5
Calculate the remainder when 93230 is divided by 7167.
59
Calculate the remainder when 2471 is divided by 15.
11
What is the remainder when 2780 is divided by 670?
100
Calculate the remainder when 25848 is divided by 193.
179
Calculate the remainder when 4534 is divided by 123.
106
Calculate the remainder when 758 is divided by 212.
122
What is the remainder when 399 is divided by 85?
59
Calculate the remainder when 396234 is divided by 976.
954
What is the remainder when 15431 is divided by 20?
11
What is the remainder when 66785 is divided by 22260?
5
Calculate the remainder when 17251 is divided by 71.
69
What is the remainder when 3693204 is divided by 835?
834
Calculate the remainder when 52653 is divided by 233.
228
Calculate the remainder when 8136 is divided by 2587.
375
What is the remainder when 303 is divided by 124?
55
Calculate the remainder when 31198 is divided by 15390.
418
Calculate the remainder when 267845 is divided by 93.
5
Calculate the remainder when 10028 is divided by 1252.
12
What is the remainder when 25611 is divided by 1706?
21
What is the remainder when 732 is divided by 694?
38
What is the remainder when 144752 is divided by 36?
32
Calculate the remainder when 11063 is divided by 209.
195
Calculate the remainder when 687808 is divided by 101.
99
Calculate the remainder when 7339 is divided by 240.
139
Calculate the remainder when 252 is divided by 28.
0
Calculate the remainder when 1743 is divided by 7.
0
Calculate the remainder when 6258 is divided by 6247.
11
What is the remainder when 19160 is divided by 52?
24
Calculate the remainder when 10729 is divided by 1077.
1036
What is the remainder when 120663 is divided by 481?
413
Calculate the remainder when 22262 is divided by 92.
90
What is the remainder when 71312 is divided by 64?
16
Calculate the remainder when 1640 is divided by 208.
184
What is the remainder when 37920 is divided by 18943?
34
Calculate the remainder when 145457 is divided by 132.
125
Calculate the remainder when 11697 is divided by 5846.
5
Calculate the remainder when 362 is divided by 121.
120
What is the remainder when 1159 is divided by 253?
147
What is the remainder when 788225 is divided by 12?
5
What is the remainder when 91242 is divided by 2465?
37
What is the remainder when 38903 is divided by 3883?
73
What is the remainder when 49818 is divided by 996?
18
Calculate the remainder when 5312 is divided by 661.
24
Calculate the remainder when 93823 is divided by 128.
127
Calculate the remainder when 19582 is divided by 9777.
28
Calculate the remainder when 3886 is divided by 480.
46
What is the remainder when 186674 is divided by 65?
59
Calculate the remainder when 5156 is divided by 11.
8
What is the remainder when 3538 is divided by 661?
233
Calculate the remainder when 19943 is divided by 6638.
29
What is the remainder when 41813 is divided by 10450?
13
What is the remainder when 143755 is divided by 831?
823
What is the remainder when 10207 is divided by 723?
85
What is the remainder when 22541 is divided by 63?
50
What is the remainder when 34281 is divided by 18?
9
Calculate the remainder when 1575 is divided by 1392.
183
Calculate the remainder when 11249 is divided by 86.
69
Calculate the remainder when 39904 is divided by 3989.
14
What is the remainder when 8085 is divided by 15?
0
Calculate the remainder when 34366 is divided by 166.
4
Calculate the remainder when 71363 is divided by 23754.
101
What is the remainder when 5778 is divided by 446?
426
Calculate the remainder when 6486 is divided by 381.
9
What is the remainder when 41068 is divided by 1999?
1088
Calculate the remainder when 1453019 is divided by 5.
4
Calculate the remainder when 1522 is divided by 169.
1
What is the remainder when 3683 is divided by 613?
5
What is the remainder when 26440 is divided by 2934?
34
What is the remainder when 1706 is divided by 385?
166
What is the remainder when 1191 is divided by 339?
174
Calculate the remainder when 256641 is divided by 60.
21
What is the remainder when 20044 is divided by 127?
105
What is the remainder when 85835 is divided by 90?
65
What is the remainder when 908 is divided by 286?
50
What is the remainder when 422 is divided by 92?
54
What is the remainder when 415972 is divided by 69328?
4
What is the remainder when 38267 is divided by 36?
35
Calculate the remainder when 4469 is divided by 43.
40
What is the remainder when 1554 is divided by 359?
118
What is the remainder when 12858 is divided by 272?
74
What is the remainder when 456840 is divided by 65260?
20
What is the remainder when 7158 is divided by 19?
14
Calculate the remainder when 538 is divi